r of 14 and 38756312.
14
What is the greatest common divisor of 2472 and 64788?
12
What is the highest common divisor of 44213 and 155311?
13
What is the greatest common divisor of 331280 and 74640?
80
Calculate the highest common divisor of 3372 and 1523772.
12
What is the greatest common divisor of 26285 and 44290?
5
What is the greatest common factor of 1396 and 218884?
4
Calculate the highest common divisor of 2886110115 and 105.
105
Calculate the highest common factor of 1758269 and 103.
1
What is the highest common divisor of 1403 and 236741?
61
Calculate the highest common divisor of 171534 and 259072.
506
What is the greatest common factor of 1645227 and 63?
9
What is the greatest common divisor of 12571221 and 273?
39
Calculate the highest common divisor of 30519 and 5937641.
3391
Calculate the highest common factor of 14274 and 363402.
234
What is the highest common factor of 7224 and 5528166?
1806
Calculate the highest common divisor of 5559 and 31284417.
327
Calculate the highest common divisor of 232008 and 38556.
84
What is the highest common factor of 3311660 and 825?
55
What is the greatest common divisor of 1634 and 2150320307?
817
Calculate the greatest common factor of 4464096 and 9828.
1092
What is the highest common factor of 25742 and 13298?
122
What is the greatest common factor of 80 and 288688?
16
What is the greatest common divisor of 21989 and 6259?
11
Calculate the highest common divisor of 106050536 and 47288.
2056
Calculate the greatest common divisor of 7192 and 4819539.
899
Calculate the highest common divisor of 135 and 1258452585.
135
What is the highest common factor of 1530151 and 17696?
553
Calculate the greatest common divisor of 1232772810 and 2364.
1182
What is the greatest common divisor of 21870965 and 93?
31
What is the greatest common divisor of 1372145 and 333?
37
What is the highest common factor of 10439469 and 27?
27
What is the greatest common factor of 544968 and 5366088?
648
What is the highest common divisor of 471163272 and 8688?
4344
What is the greatest common divisor of 402 and 176125044?
402
Calculate the greatest common factor of 6834030 and 980.
490
Calculate the highest common factor of 480 and 456610464.
96
What is the greatest common divisor of 51 and 2286028896?
51
What is the highest common divisor of 1 and 6990307?
1
Calculate the highest common divisor of 58 and 13198.
2
What is the highest common divisor of 73865 and 30178?
79
Calculate the greatest common divisor of 7953430 and 250.
10
What is the highest common divisor of 2900 and 17141900?
2900
What is the greatest common divisor of 4102947288 and 33?
33
Calculate the greatest common factor of 2569574 and 1456.
14
What is the highest common divisor of 72 and 24314076?
36
What is the greatest common factor of 10989 and 509949?
297
Calculate the greatest common divisor of 38147795 and 6425.
1285
What is the highest common factor of 2349805 and 10485?
1165
What is the greatest common divisor of 8215 and 7548035?
155
Calculate the greatest common factor of 15483 and 72368733.
1191
What is the highest common factor of 40756 and 38943244?
1772
What is the greatest common factor of 1820 and 199121?
13
What is the greatest common factor of 35 and 18509477?
7
Calculate the greatest common factor of 14154497 and 48343.
1667
Calculate the highest common divisor of 4481 and 2978.
1
What is the highest common divisor of 463622899 and 188?
47
Calculate the highest common factor of 12376 and 141245741.
1547
Calculate the greatest common divisor of 98591212 and 809.
809
Calculate the greatest common divisor of 10696624 and 528.
16
What is the highest common factor of 7935270 and 38570?
2030
What is the highest common divisor of 2666 and 538790?
86
What is the highest common factor of 880237 and 28507?
29
Calculate the highest common divisor of 33777 and 11785671.
1251
What is the highest common factor of 1797 and 75281721?
1797
Calculate the greatest common factor of 8619 and 555475.
17
What is the highest common factor of 56814 and 3462?
6
What is the highest common factor of 611406 and 486?
18
What is the highest common divisor of 454 and 698597494?
454
Calculate the greatest common factor of 480 and 4153016.
8
What is the greatest common divisor of 198 and 273447?
9
What is the greatest common factor of 4852 and 3688?
4
Calculate the greatest common factor of 343 and 409572331.
49
What is the highest common divisor of 68134522 and 604?
302
Calculate the highest common factor of 2072 and 10228.
4
Calculate the greatest common divisor of 183513 and 18756672.
2739
Calculate the greatest common factor of 23194 and 742.
2
What is the greatest common factor of 4247 and 49294107?
137
What is the highest common factor of 441 and 871245?
9
Calculate the greatest common divisor of 9255960 and 144.
72
Calculate the greatest common factor of 208104810 and 45.
15
What is the highest common divisor of 1002398 and 293134?
194
Calculate the highest common divisor of 795 and 3451625.
265
Calculate the highest common factor of 11673 and 1062215763.
3891
What is the greatest common factor of 738764 and 8632?
52
What is the greatest common divisor of 10845172 and 5694?
1898
Calculate the greatest common factor of 100438 and 33514.
26
What is the greatest common divisor of 620 and 695340?
20
What is the greatest common factor of 14612860 and 1700?
340
What is the highest common divisor of 7325690 and 1566?
58
What is the highest common divisor of 946 and 3901347?
43
What is the highest common factor of 6733784 and 64?
8
Calculate the highest common factor of 10 and 81989240.
10
Calculate the highest common factor of 4435585 and 2464.
77
What is the greatest common factor of 17969518 and 6?
2
What is the highest common divisor of 25907 and 24780?
7
Calculate the greatest common factor of 36 and 309964.
4
What is the highest common divisor of 3104 and 86088664?
776
What is the highest common factor of 4755 and 4439585?
1585
What is the greatest common factor of 55062 and 168?
42
What is the highest common factor of 525568769 and 1276?
319
Calculate the highest common factor of 788565 and 57.
3
Calculate the greatest common factor of 23354258 and 4.
2
What is the highest common factor of 13927888 and 558778?
4618
Calculate the highest common divisor of 915 and 225600.
15
Calculate the highest common factor of 10669264 and 80.
16
Calculate the greatest common divisor of 1181765082 and 2388.
1194
Calculate the greatest common factor of 4172 and 3547432.
28
Calculate the greatest common factor of 277078 and 939269.
1271
Calculate the greatest common factor of 20197 and 7035997.
1063
Calculate the greatest common divisor of 8172 and 23859.
9
What is the greatest common divisor of 53 and 440193673?
53
Calculate the highest common divisor of 1476345 and 35595.
1695
Calculate the greatest common factor of 180180 and 7136052.
924
Calculate the greatest common divisor of 93455512 and 172.
172
Calculate the greatest common factor of 38682 and 31161114.
5526
What is the highest common divisor of 4250596 and 181071?
1829
What is the greatest common divisor of 462968 and 308?
44
What is the greatest common divisor of 6913701 and 969?
57
What is the highest common factor of 143430 and 18438?
42
What is the greatest common divisor of 3237 and 151839038?
1079
What is the highest common factor of 8526 and 9551556?
1218
What is the greatest common divisor of 11165502 and 342?
114
What is the highest common factor of 2683080 and 3015?
45
Calculate the greatest common divisor of 60261 and 105576.
159
What is the highest common factor of 94413 and 5984?
11
What is the highest common divisor of 3002949 and 786048?
6141
What is the greatest common divisor of 79182258 and 18?
6
What is the highest common factor of 425887305 and 195?
15
What is the greatest common factor of 8213 and 63032483?
191
What is the highest common divisor of 1313 and 199003532?
1313
Calculate the highest common factor of 56143 and 17503.
23
What is the greatest common factor of 486823428 and 1352?
676
Calculate the highest common factor of 224 and 10503983.
7
Calculate the highest common factor of 1601368 and 164.
4
What is the greatest common factor of 13538546 and 42?
14
Calculate the highest common fac